hen 61 is divided by d.
19
Suppose 0 = -5*o - y + 41 - 12, 22 = 4*o + 2*y. Suppose -10*c + 6*c = -12. What is the remainder when o is divided by c?
0
Calculate the remainder when (-1)/1 - -10 - 2 is divided by 3.
1
Let m = 8 - 4. Suppose 4*z = m*p - 72, 2*p + 0*z - 40 = 3*z. Let w(x) = x**2 + 5*x - 9. Calculate the remainder when w(-9) is divided by p.
13
Let p(d) = 2*d**3 - d**2 + 3*d - 2. Suppose y = -0 + 9. What is the remainder when p(2) is divided by y?
7
Let r(i) = i**2 + 8*i + 3. What is the remainder when 35/2*(17 - 15) is divided by r(-9)?
11
Let o(n) = -n + 4. Suppose 6*d - d = g - 57, -183 = -4*g + 5*d. Calculate the remainder when g is divided by o(-7).
9
Let m(v) = 3*v**3 - 3*v**2 - 10*v + 3. Let w(g) = g**3 + g**2 - g. Let f(t) = m(t) - 4*w(t). What is the remainder when 10 is divided by f(-6)?
1
Let k(h) = h + 8. Let p be (2 + -3)/((-1)/3). Suppose -m - m = 5*u - 1, 3*u + p = 0. What is the remainder when k(-3) is divided by m?
2
Suppose 4*b = 4, -3*i - 1 = -4*i + b. Suppose i*g + 3*u = 5*u + 48, 4*u - 58 = -3*g. Calculate the remainder when 42 is divided by g.
20
Let j(q) = 28*q**3. Let x(v) = -v**2 + 7*v + 10. Suppose 1 = -3*u + 22. What is the remainder when j(1) is divided by x(u)?
8
Let a = -42 - -54. Calculate the remainder when 46 is divided by a.
10
Let g = 161 - 104. Let j be (0 - -2) + 0/2. Calculate the remainder when g is divided by ((-3)/2)/(j/(-20)).
12
Let d(y) = y**3 + 7*y**2 - y + 5. Let r be d(-7). Let z(c) = -c**3 - 18*c**2 - 3*c + 7. What is the remainder when z(-18) is divided by ((-6)/(-8) + 1)*r?
19
Suppose -z + 4 = z. Suppose 4*r - 32 = z*r. Calculate the remainder when r is divided by 9.
7
Suppose -4*c - 189 = 91. Let a = -105 + 64. Let r = a - c. Calculate the remainder when r is divided by 16.
13
Calculate the remainder when -2 + -17*(-4)/4 is divided by 6.
3
Let o(s) = 5*s + 7. Let u(b) = b**3 - 11*b**2 - b + 6. Let z be u(11). Calculate the remainder when o(6) is divided by ((-5)/z)/((-1)/(-13)).
11
Suppose -2*y - y + 45 = 0. Suppose 4*a - 49 = y. Suppose -2*h + 5*q + a = 0, h - 2*h - 5*q = 7. What is the remainder when 8 is divided by h?
2
Let h be 5/2 + 1/2. Suppose -100 = -4*s - 5*y, -2*y - 86 = -h*s - 3*y. Calculate the remainder when s is divided by 16.
14
Let w be (-3)/9*1*-12. Suppose v = -4*y + 4, -w*v + 14 = -5*v + 5*y. What is the remainder when (20/(-6))/(v/12) is divided by 6?
4
Suppose 5*m + 8 = 7*m. Suppose 3*u - 12 = -3. What is the remainder when m is divided by u?
1
Let u = -30 + 49. Calculate the remainder when u is divided by (-150)/(-40)*4/3.
4
What is the remainder when 21 - (2 + -3)*4 is divided by 9?
7
Let r(a) = -a**3 + 8*a**2 - 3*a - 4. What is the remainder when 93 is divided by r(7)?
21
Let x = -30 + 109. What is the remainder when x is divided by 27?
25
Suppose d = 6*d - 20. Let f = d - 1. Let i = 10 - 2. What is the remainder when i is divided by f?
2
Let i(q) = -q**3 + 10*q**2 - 12*q. Let x be i(8). Let h be (-2)/((-4)/(-5))*-2. Suppose -h*k + k = -x. What is the remainder when k is divided by 5?
3
Let s = -2 + 2. Let b(g) = -4 + 5 + s - 2*g. What is the remainder when 50 is divided by b(-8)?
16
Let d(h) = -h**3 + 4*h**2 + 1. Calculate the remainder when 3 is divided by d(4).
0
Let j be 2/(1*2/(-3)). What is the remainder when 2/j - (-448)/6 is divided by 25?
24
Suppose -a = 3*a + 40. Let t = a - 1. Let s = -5 - t. What is the remainder when 23 is divided by s?
5
Calculate the remainder when (-36)/(-21)*231/6 is divided by 17.
15
Suppose -5*x + 3*x = -2*b - 40, -105 = 5*b - 4*x. Let u = -15 - b. Let d = -14 - -33. Calculate the remainder when d is divided by u.
9
Let n = 5 + 35. What is the remainder when n is divided by 11?
7
Let f be (-9)/6*116/(-6). Let x = f - 3. What is the remainder when 49 is divided by x?
23
Let g = 7 + -2. Suppose -4*f + 14 = -g*m, -6*f = 5*m - 3*f + 7. What is the remainder when 26 is divided by m*1 - (-13 - 3)?
12
Let q(r) = r**3 - 2*r**2 + 1. Let l be q(-1). Let b(t) = -3*t - 3. What is the remainder when 8 is divided by b(l)?
2
Suppose -w = -2*w + 20. What is the remainder when 59 is divided by w?
19
Let c(j) = j**3 - 2*j - 1. Let h be c(2). Suppose 2*o + 26 = h*o. Suppose -3*g + 5*g - 152 = 0. What is the remainder when g is divided by o?
24
Let s(n) = -22*n. Let b be s(2). Let o = -16 - b. Let t = o - 16. Calculate the remainder when 34 is divided by t.
10
Suppose 3*a - 96 = -2*h, a - 50 = -h - a. What is the remainder when h is divided by 18?
6
Suppose 0 = 2*k - 10 + 2. Let f(q) = q**2 - 2*q + 3. Let p(o) = o**2 + 7*o - 6. Let h be p(-8). Calculate the remainder when k is divided by f(h).
1
Suppose -2*v + 304 = 4*z, -v = 5*z - z - 162. Calculate the remainder when v is divided by 48.
46
Let n = 77 - 49. Let o = -20 + n. Suppose r - o = 1. What is the remainder when 16 is divided by r?
7
Suppose -u + 4 = i, -7 = -5*u + i + 7. Suppose -5*a + a = -8, -18 = -g - u*a. What is the remainder when 33 is divided by g?
9
Suppose 4*w - 26 = 10. Suppose -4*a - 16 = -4*s + 4, -a = 5*s - 25. What is the remainder when w is divided by s?
4
Suppose -5*v - 3*j + 21 = -29, -2*v - 5*j + 1 = 0. What is the remainder when v is divided by 8?
5
Let x(h) = 27*h - 616. Let t(j) be the third derivative of 3*j**5/20 - j**3/6 - j**2. Calculate the remainder when t(-1) is divided by x(23).
3
Let r(n) = n**2 + n + 3. Suppose -5*y + 9 = 4*m, 3*m - 3*y = 4 - 31. What is the remainder when (-2)/6*(-1 + -86) is divided by r(m)?
14
Let u = 33 - 4. Let n = u + -18. Calculate the remainder when 40 is divided by n.
7
Let r(z) = -2*z**3 - 3*z**2 - 2. Let u be 2 + (-2 - (-4 - -3)). Suppose l + 0*l = 5*b - u, -2*b = 2*l - 22. Calculate the remainder when r(-3) is divided by l.
7
Suppose 2*c - 32 = -2*c. Calculate the remainder when (-97)/(-2) - (-4)/c is divided by 13.
10
Let p be (-6)/(-4)*(-24)/(-9). Let i(q) = 0*q - q - p + 7. Calculate the remainder when i(-8) is divided by 6.
5
Suppose 4*z + 168 - 68 = 0. Let s(q) = q**3 + 9*q**2 - 12*q. Let d be s(-9). What is the remainder when 30 is divided by d/10 - 5/z?
8
Let n = 11 + -8. Suppose q + n*q = 68. Calculate the remainder when 67 is divided by q.
16
Suppose -3*k + 4*a + 14 = -0*k, -3*k - 2*a - 16 = 0. Let t = -1 - k. What is the remainder when -2 - -2 - 0 - -2 is divided by t?
0
Suppose 54 + 10 = 4*q. Calculate the remainder when q is divided by 6.
4
Let y = 14 + -9. What is the remainder when 9 is divided by y?
4
Suppose 4*x = 2*x + 2. Let l = x - -4. Suppose l*d + 25 = 0, c - 3*c + 3*d + 29 = 0. What is the remainder when 13 is divided by c?
6
Let s(o) = -o + 9. Let n be (-2)/(-4) + (-60)/(-8). What is the remainder when 3 is divided by s(n)?
0
Let o(h) be the first derivative of -7*h**2 + h - 3. What is the remainder when (84/(-15))/((-1)/5) is divided by o(-1)?
13
Let u = 6 - 6. Suppose -5*v + 4*x = -32, -2*v + 5*v - 5*x - 14 = u. Suppose 3*l - 7*l + 88 = 0. What is the remainder when l is divided by v?
6
Let x(r) = -2*r + 5. Let j be x(5). Suppose 30 = 5*n - 5. What is the remainder when 1*19*(-5)/j is divided by n?
5
Let u be (-2)/(-3) + (-24)/9. Suppose -z + 0 + 7 = 0. Let r = u + z. What is the remainder when r is divided by 3?
2
Suppose 10 = 7*a - 60. Calculate the remainder when 17 is divided by a.
7
Suppose -20 = -0*h - 5*h. What is the remainder when 15 is divided by h?
3
Let u(k) = 16*k - 29. Calculate the remainder when u(9) is divided by 17.
13
Suppose 21*h = 20*h + 65. Calculate the remainder when h is divided by 17.
14
Let s = 135 - 114. What is the remainder when s is divided by 8?
5
Suppose -4*h - 9 = -1. Let m be h/(3/(30/(-4))). Suppose 25 = 5*b - m. Calculate the remainder when b is divided by 3.
0
Suppose -t = 4*t - 5*y, 0 = -5*t - 4*y - 45. Let i = t + 52. Calculate the remainder when i is divided by 10.
7
Let l be (-222)/4*4/(-3). Suppose 0 = -2*s - s - 4*p + l, -2*p - 44 = -3*s. What is the remainder when 34 is divided by s?
16
Let y(u) = 2*u**2 + 37*u + 16. What is the remainder when y(-19) is divided by 6?
5
Suppose -2*g + 6 + 88 = 0. Let r = 27 - g. Let u = 28 + r. Calculate the remainder when u is divided by 3.
2
Let k = -17 - -19. Suppose 1 = -f - 3. What is the remainder when f/6 + (-17)/(-3) is divided by k?
1
Let z(v) = v**2 - 9*v + 4. Let i be z(9). Suppose 2*y = i*y - 22. Calculate t